1035552354
In base 6, what is 0 - 114404105?
-114404105
In base 9, what is -57583 + -34?
-57627
In base 10, what is -27488 + -91?
-27579
In base 3, what is -11111 + 10120022111120?
10120022100002
In base 3, what is 11 - -2122222220121?
2122222220202
In base 9, what is -23 - -2802528?
2802505
In base 7, what is -523032336 - -5?
-523032331
In base 10, what is -38730 + 167?
-38563
In base 14, what is 10c9b5 + 90?
10ca65
In base 9, what is -327 - 2856234?
-2856562
In base 11, what is -34400 + 9?
-343a2
In base 16, what is 1263f9 + 1f?
126418
In base 10, what is 2 - -2325630?
2325632
In base 13, what is 350 - -19a0?
2020
In base 8, what is -376342 + 4071?
-372251
In base 13, what is -2 + 44c4815?
44c4813
In base 13, what is -5 + -1979b31?
-1979b36
In base 16, what is 7d4a4e + -6?
7d4a48
In base 10, what is -1027593 + -17?
-1027610
In base 3, what is 102 + 11002111200022?
11002111200201
In base 16, what is -6743 - -2fb3?
-3790
In base 4, what is -121201 - -102?
-121033
In base 12, what is -15 - -3240145?
3240130
In base 12, what is 81 + -5b0?
-52b
In base 7, what is -23643 + 10314?
-13326
In base 10, what is 1 - -1307469?
1307470
In base 2, what is 11 - -1001010100011111010100100010?
1001010100011111010100100101
In base 14, what is 3b3 - 142b6?
-13d03
In base 2, what is 1010110110110101 + 101010111111110?
10000001110110011
In base 7, what is -4 - -605322303?
605322266
In base 10, what is -9888 + -315?
-10203
In base 5, what is -20313 + 2443123?
2422310
In base 15, what is 3 - 59e2b5?
-59e2b2
In base 16, what is -1c - 106ee?
-1070a
In base 9, what is -84 - -307115?
307021
In base 2, what is -1111100 - 10110110000111111001?
-10110110001001110101
In base 3, what is -100121212112 + 1000?
-100121211112
In base 12, what is 294 + 55922?
55bb6
In base 6, what is 52130235 - 3?
52130232
In base 6, what is 315200 + 12113?
331313
In base 13, what is 12 + -2a9343b?
-2a93429
In base 14, what is 5 - 46a76d?
-46a768
In base 10, what is 321 - -129068?
129389
In base 8, what is -11270 - 1116?
-12406
In base 11, what is 38940 + -1a8?
38743
In base 11, what is 5 + -3aa0474?
-3aa046a
In base 4, what is -332 + 211030213?
211023221
In base 2, what is 0 + 111010110001011001111110?
111010110001011001111110
In base 4, what is 2000 - -20000132?
20002132
In base 12, what is 135196 + bb?
135295
In base 11, what is 3 + 1849a9?
184a01
In base 4, what is 3233220031 + 3331?
3233230022
In base 13, what is b604 + -180?
b454
In base 6, what is -2 - 42553201?
-42553203
In base 3, what is 202200000 - 2100?
202120200
In base 5, what is 10 - 3422210420?
-3422210410
In base 10, what is -2704 - -1087?
-1617
In base 11, what is 80829 + -172?
80667
In base 10, what is -8007248 - 1?
-8007249
In base 5, what is 2144210 + 1044?
2200304
In base 4, what is 101 - 203101223022?
-203101222321
In base 11, what is -4 + -90091140?
-90091144
In base 15, what is -3 - -1b5bbd9?
1b5bbd6
In base 3, what is -20 + -122121122222?
-122121200012
In base 12, what is 19703615 - -18?
19703631
In base 3, what is 121212 - 10012010120?
-10011111201
In base 5, what is -21231 + -312322?
-334103
In base 2, what is 1 + 1010100100101001010000?
1010100100101001010001
In base 14, what is -1a88 + 395?
-16d3
In base 3, what is -221001200012020101 + -1?
-221001200012020102
In base 4, what is 200000301 + -121?
200000120
In base 13, what is -801 - c52?
-1753
In base 12, what is a00b10 + -5?
a00b07
In base 15, what is 48 + -134a68?
-134a20
In base 11, what is -6a79a9 + -17?
-6a7a15
In base 16, what is -16ab9c0 + -1?
-16ab9c1
In base 2, what is 1010101100011110101 + 1?
1010101100011110110
In base 10, what is -1365 - 9515?
-10880
In base 6, what is 133 - -22445210?
22445343
In base 10, what is -1251079 + 63?
-1251016
In base 10, what is 1172 + 741?
1913
In base 4, what is 113133300 + 1312?
113201212
In base 4, what is -312020331 - -2203?
-312012122
In base 7, what is -40053 + -3614?
-44000
In base 2, what is 100101001100 - 100010101111101?
-11110000110001
In base 13, what is -41 - 6c21?
-6c62
In base 6, what is -30152320342 + -1?
-30152320343
In base 14, what is 1c2b2 - 7713?
1499d
In base 12, what is -3bbb57 - 7b?
-400016
In base 3, what is -10110200002210012 - 100?
-10110200002210112
In base 10, what is -1535382 - 40?
-1535422
In base 3, what is 102001000100120 - 1101?
102001000022012
In base 12, what is -81 - -1271b?
1265a
In base 9, what is -27813 + 1780?
-26023
In base 6, what is 223 + 1332450?
1333113
In base 13, what is 69b96 + -15?
69b81
In base 14, what is cb016c - 22?
cb014a
In base 3, what is -1022112111 - 2001201?
-1101121012
In base 6, what is 204030010 + 42?
204030052
In base 10, what is -381215 + 288?
-380927
In base 12, what is -8 - 66b1477?
-66b1483
In base 2, what is 1101 + -110100011111101110001101?
-110100011111101110000000
In base 5, what is 4411 + -21443243?
-21433332
In base 6, what is 3324312515 + -3?
3324312512
In base 10, what is 175515 - 35?
175480
In base 14, what is -3848 - -2a24?
-c24
In base 2, what is -10111000010101 + 111110100010110?
100111100000001
In base 7, what is 4421 + 51033?
55454
In base 9, what is -11847 + 788?
-11048
In base 3, what is -21212102112202 - 12?
-21212102112221
In base 9, what is -18141001 + 6?
-18140884
In base 11, what is -19a859694 - 3?
-19a859697
In base 5, what is -331233110201 + 4?
-331233110142
In base 6, what is 20 + -14141142?
-14141122
In base 15, what is -d42 + 1a1?
-b91
In base 16, what is 4388f3 + 4?
4388f7
In base 5, what is -14434410112 - 2?
-14434410114
In base 14, what is -dd146c - 5?
-dd1473
In base 3, what is 110222 - -12100011101002?
12100011212001
In base 6, what is -22 + -345000014?
-345000040
In base 6, what is -2132520 + -1205?
-2134125
In base 2, what is -1011000110100 - -110000001101?
-101000100111
In base 8, what is -3 + 6465022?
6465017
In base 10, what is 3806 + -39364?
-35558
In base 2, what is -1010 - 110001001001011110010?
-110001001001011111100
In base 4, what is -1113032131131 + 11?
-1113032131120
In base 2, what is -1010 + 1011100100010101101001?
1011100100010101011111
In base 8, what is -307042505 + -5?
-307042512
In base 11, what is -3620a69 - -10?
-3620a59
In base 9, what is -3 + 105546308?
105546305
In base 8, what is 44432 - 26145?
16265
In base 8, what is -5530 + -16402?
-24132
In base 11, what is -124 + -1028053?
-1028177
In base 8, what is 561710 - 5?
561703
In base 10, what is 693969 - 22?
693947
In base 10, what is 653722 - -885?
654607
In base 10, what is 34740 - -2007?
36747
In base 6, what is -12 - 4350303250?
-4350303302
In base 9, what is -18830 + 7060?
-11760
In base 16, what is -349b - -f56?
-2545
In base 11, what is 310 + -16475?
-16165
In base 10, what is -213 - -126198?
125985
In base 3, what is -11110101210 + -12020211?
-11122122121
In base 7, what is 13 + -6620165?
-6620152
In base 15, what is 6240b - 5?
62406
In base 8, what is -110010451 + -4?
-110010455
In base 4, what is -2 + -101112232022?
-101112232030
In base 7, what is 2 - -21406342?
21406344
In base 8, what is -461140 + -2441?
-463601
In base 3, what is 2 - 1011222012022011?
-1011222012022002
In base 10, what is 14157 + -8203?
5954
In base 2, what is 11101101101100100 + 1101100?
11101101111010000
In base 11, what is -3639025 + -14?
-3639039
In base 8, what is 12416 + 107736?
122354
In base 16, what is -16 + -e637?
-e64d
In base 4, what is 11331132 - -301032?
12232230
In base 12, what is -1 + 12657a4?
12657a3
In base 3, what is -102120020210010 - -1212?
-102120020201021
In base 3, what is -221221 - 101020200122?
-101021122120
In base 2, what is -1100101 + 1110111011000000?
1110111001011011
In base 10, what is 714 + 25898?
26612
In base 15, what is -269b4d2 + 15?
-269b4bc
In base 9, what is 4 + -1770518?
-1770514
In base 11, what is -a9a4116 - 3?
-a9a4119
In base 6, what is -122 - 2221513?
-2222035
In base 11, what is -15 + -150a71?
-150a86
In base 4, what is 2 + -11002013223?
-11002013221
In base 10, what is 212 - 286276?
-286064
In base 9, what is -735427 - -1530?
-733787
In base 16, what is 7d6 - a77c?
-9fa6
In base 13, what is 1 - -39170?
39171
In base 8, what is 1622 + -100232?
-76410
In base 9, what is 703 - -465562?
466365
In base 3, what is 2022101210 - -220?
2022102200
In base 12, what is 39 - 2935aa?
-293571
In base 9, what is 503330 + 344?
503674
In 